 prime factors of p?
103
Let c(t) = t - 2. Let b = -14 - -26. List the prime factors of c(b).
2, 5
Suppose 0 = 5*q - q + 8. Let n be (-3)/(-6) - (-23)/q. Let t = n - -18. What are the prime factors of t?
7
Suppose -p - 2*i + 3 = 0, -2*i - 3 + 15 = 4*p. Suppose 5*q = 28 - p. Let m = q - 3. What are the prime factors of m?
2
Let s(i) = i**3 + 4*i**2 - i + 4. Let t be s(-4). Suppose -w - t = -2*w. Let f = w - -1. List the prime factors of f.
3
Let n be (-1)/(-5) + 18/10. Let w be n + -1 + 1 - -16. Let k = w + -11. List the prime factors of k.
7
Let f(j) = j**2 - 8*j. Let i be f(8). Suppose 4*u - 32 = -3*t - i*t, 4*t - 26 = -2*u. List the prime factors of t.
2
Suppose -59*y + 65*y = 288. List the prime factors of y.
2, 3
Let y(f) be the first derivative of f**4/4 - 8*f**3/3 - 7*f**2/2 - 10*f + 1. What are the prime factors of y(9)?
2
Let d = 3 - -27. What are the prime factors of d?
2, 3, 5
Suppose 3*r = -4*i + 26, -2 = -2*i + r + 6. Suppose -5*m + 9 = 2*q, i*q - 11 = q - 3*m. Suppose 4*l - 22 = q*l. List the prime factors of l.
11
Let n(f) = 16*f**2 - 5*f + 12. What are the prime factors of n(3)?
3, 47
Let l = 33 - -41. What are the prime factors of l?
2, 37
What are the prime factors of (0 - 91)*(0 - (-4 + 5))?
7, 13
Let f = -14 - -9. Let z(k) = k + 10. Let g be z(f). Suppose -4*t + 2 = g*b - 41, 3*b - 39 = 2*t. What are the prime factors of b?
11
Let l(y) be the first derivative of -10*y**2 - 5. What are the prime factors of l(-2)?
2, 5
Let b(w) = w**3 - 3*w + 2. Let o be b(2). Suppose o*d - 3*d - 12 = -2*p, -4 = p + 3*d. What are the prime factors of p?
2
Let r(s) = s**2 - 8*s - 6. Let b be r(9). Let m be -1 + 0 - (-6 + 1). Let c = b + m. What are the prime factors of c?
7
What are the prime factors of (-3 + (-266)/(-10))*5?
2, 59
Suppose -4*q + 2 + 10 = 0. List the prime factors of q.
3
Let o = -1 + 4. List the prime factors of (o - (1 + 1))*24.
2, 3
List the prime factors of (40 + -3)*1*2.
2, 37
Suppose l - y = 9, -1 - 8 = -5*l - 4*y. List the prime factors of (4 - l)/(1/(-8)).
2
Let t = 312 + -130. What are the prime factors of t?
2, 7, 13
Let h(o) = -o**3 + 2*o**2 + 2*o + 4. Let q be h(3). Let y = 1 + q. Suppose 3*t - 50 = -y. List the prime factors of t.
2
Suppose -4*i - 3*f = 7 + 11, 2*f = -4*i - 16. Let r(o) = -o**3 - 6. Let x be r(0). What are the prime factors of -18*-1*i/x?
3
Let r(n) = -n + 31. List the prime factors of r(-10).
41
Suppose 2*j = 5*h + 18, -2*h + 4*h - 84 = -4*j. List the prime factors of j.
19
Suppose 4*d + 631 = 3*x - d, 0 = 3*x - d - 647. List the prime factors of x.
7, 31
Suppose 0 = 4*j - j - 180. List the prime factors of j.
2, 3, 5
Let u(v) = -v**3 - 2*v**2 + 2*v + 4. What are the prime factors of u(-3)?
7
Let n(g) = -g**3 - 9*g**2 - 8*g - 7. Let l be n(-9). Suppose 4*j - 51 = l. What are the prime factors of j?
29
Let n = 211 + -138. Let w = 139 - n. What are the prime factors of -5*(w/(-15) - -3)?
7
Let h(r) = -r**3 - 3*r**2 + 2. Let i be h(-3). Let u(o) = 1 + o**i + 4*o**2 - 2. What are the prime factors of u(1)?
2
Let v = 4 - 2. What are the prime factors of ((-27)/(-3) + v)/1?
11
List the prime factors of 1/(1*(-2)/(-4)) + 69.
71
Let u = 37 - -8. Let o = -27 + u. List the prime factors of o.
2, 3
Let l(w) be the first derivative of w**2/2 + 4*w + 1. Let y be l(0). List the prime factors of (-18)/(-4)*y/3.
2, 3
What are the prime factors of (7 - (7 + -3 - 0))*59?
3, 59
Suppose -5*a = -5*y + 2 + 3, -y - 5*a - 5 = 0. Suppose y = 3*t - 42 - 18. List the prime factors of t.
2, 5
Let m(x) = 8*x. Let q be m(-1). Let f be q/((9/(-15))/(-3)). Let s = -27 - f. What are the prime factors of s?
13
Let b(y) = -y**2 + 21*y - 24. List the prime factors of b(14).
2, 37
Let q(k) = 6*k + 3. Let g(l) = 19*l + 9. Let n(m) = 2*g(m) - 7*q(m). List the prime factors of n(-2).
5
Suppose 0 = 5*k + 3 - 78. Let n be 3/2*40/k. Let m(z) = z + 1. List the prime factors of m(n).
5
Suppose 3*y - 4*k = -1 + 27, -2*k = -y + 8. Let v(r) = r**3 - 9*r**2 - 9*r + 3. List the prime factors of v(y).
13
Let b(v) = -v**3 - 3*v**2 - 3*v + 3. List the prime factors of b(-3).
2, 3
Let m(q) = 2*q - 9. Let o be m(10). Let p = o + 8. List the prime factors of p.
19
Suppose -9*g = -2*u - 5*g + 612, 4*u + 2*g = 1254. List the prime factors of u.
2, 3, 13
Let j(o) = -16*o**2 + 2*o - 1. Let q be j(1). Let z = q - -22. Suppose -40 = -z*d + 2*d. List the prime factors of d.
2
Let j be ((-1)/(-3))/1*-15. What are the prime factors of (-3 - j - 3) + 25?
2, 3
Let v = 46 + 15. What are the prime factors of v?
61
Let g(b) = b - 2. Let z be g(7). Suppose -5*o - s + 19 = 0, 2*o + 14 = z*o - 2*s. Suppose 0 = o*x - x - 21. What are the prime factors of x?
7
Let j be ((-2)/(-4))/(1/(-14)). Let k be (-2)/5*(j - -32). List the prime factors of (-240)/(-25) + (-4)/k.
2, 5
Suppose -4*x + 21 = -x + 5*d, 4*x - 28 = -5*d. Let r = -4 + x. Suppose -z + 32 = r*z. List the prime factors of z.
2
Let d(j) = 2*j - 9. Let w be d(-6). Suppose 2*m = 2*b - 2, 4*b + 14 - 2 = -4*m. Let l = m - w. List the prime factors of l.
19
Let x = 266 + -23. List the prime factors of x.
3
Let p = 28 - 14. What are the prime factors of p?
2, 7
Suppose -k - 45 = -4*k. Suppose 3*c = 8*c - k. List the prime factors of c.
3
Let q be -2*2/(-8)*0. Suppose w = 4*w + 2*n - 14, 0 = 4*w - 5*n - 34. Suppose -p + w = -q*p. What are the prime factors of p?
2, 3
Suppose -2*h = -2*x + 69 + 69, -4*x + 5*h = -276. What are the prime factors of x?
3, 23
Suppose -y - 208 = -5*x, 3*x + y + 85 = 5*x. List the prime factors of x.
41
Suppose 5*n + 29 = 2*i + 2*i, 2*i - 5*n - 27 = 0. Suppose 18 - i = b. List the prime factors of b.
17
Let n(t) = 5*t - 1. Let r be n(-3). Let f be r + -1*(-2)/(-2). Let q = -1 - f. What are the prime factors of q?
2
Let y be (8/(-10))/((-10)/(-75)). Let j = y - -23. List the prime factors of j.
17
Let a(y) = 4*y**2 + 9*y + 14. Let x(l) = 5*l**2 + 9*l + 15. Let c(j) = 4*a(j) - 3*x(j). What are the prime factors of c(-8)?
3
Let z(r) = r**2 + 3*r + 2. Let a be z(-6). Let w = -9 + 13. Suppose 8 = w*g - a. What are the prime factors of g?
7
Suppose 2*a = -3*i + 11, -5*i + 4 = 5*a - 16. Suppose 0 = 3*q - 7*q + i*w - 45, -5*w = -q - 7. Let x = -6 - q. What are the prime factors of x?
2, 3
Let s = 1 - -3. Suppose 4*f = -s*u + 76, 3*u + 41 = 5*u + 3*f. List the prime factors of u.
2
Suppose 0 = -p - 2*p - 2*z + 51, 2*p = -z + 35. Suppose 0 = -0*g - g + p. List the prime factors of g.
19
Suppose 0 = -0*c + c + 3*t - 21, -2*c + 2*t = -26. What are the prime factors of 13 - (-5)/(c/(-9))?
2, 5
Let b = 1 - -15. Let t(k) = -k**2 + k + 2. Let w be t(-3). Let x = b + w. List the prime factors of x.
2, 3
Suppose 5*p = -h - 24, 0 = 3*h + 2*p - 7*p - 8. Let g(l) = 0*l - 3 + 0*l + 5*l + 2*l**2. What are the prime factors of g(h)?
3
Suppose 0 = 2*h - 0 - 4. Let p = 4 + h. Let k = p - 1. List the prime factors of k.
5
Let j = 124 - 88. Suppose -j = -2*h + 3*c, 3*h - 5*c - 52 = 4. Let q = h - 3. What are the prime factors of q?
3
Let s(c) = -3*c**3 + 3*c**2 + c - 2. Let a be (4 - 1 - 5) + 0. What are the prime factors of s(a)?
2
Suppose 3*i - i + 2 = 0. Let s(m) = 11*m**3 - 3*m**2 - m + 2. Let t(f) = -f**3 + f**2 - 1. Let r(u) = -s(u) - 2*t(u). What are the prime factors of r(i)?
3
Suppose -t = -0 + 2. Let d = 1 - t. Suppose -2*f = -d*f + 6. List the prime factors of f.
2, 3
Let b(v) = v + 11. Let d be b(-6). Suppose 0*z = d*g + 5*z - 65, -3*z = -5*g + 89. What are the prime factors of g?
2
Let c(m) = -8*m + 26. What are the prime factors of c(-10)?
2, 53
Let s(h) = h**2 - 3*h + 3. Let n be s(-6). Let m = n + 7. Suppose -41 - m = -5*p. What are the prime factors of p?
3, 7
Suppose 0*f + f = 7. Let n(c) = -8*c**2 - 3*c + 8. Let u(d) = 15*d**2 + 6*d - 15. Let a(m) = f*n(m) + 4*u(m). What are the prime factors of a(-3)?
23
Let r = 45 - -142. What are the prime factors of r?
11, 17
List the prime factors of (4 - 74/8)*-12.
3, 7
List the prime factors of (-1752)/(-6)*(-2)/(-4) + 2.
2, 37
Suppose -8*q + 4*q = 12. Let i be (2/(-3))/((-2)/q). What are the prime factors of 3/((-5)/(-2) + i)?
2
Let f(w) = 44*w**2 + 2*w - 1. Let s be f(1). Suppose 5*j - k - 109 = 0, -2*j - 2*k + s = -k. What are the prime factors of j?
2, 11
Suppose -a + 7 = -0*a + 2*u, -a - 4*u + 13 = 0. Let x(i) be the first derivative of 11*i**2/2 - i +